 + 28*t - 117. List the prime factors of v(13).
2, 13, 359
Let p be ((-4)/12)/(5/(-30)). Suppose -4*h + 0*h - a = 15, p*h = -a - 9. What are the prime factors of 141/2*(-2)/h?
47
Let x = 92 + -89. Suppose 4*b - 872 = -4*t, 0*t - x*t - 202 = -b. List the prime factors of (-3 - (-3 - b))*(-7)/(-14).
107
Let l be (1 - 2) + (26 - 17). Suppose -14*n + 2190 = -l*n. List the prime factors of n.
5, 73
Suppose 81*z = 391611 + 550014. What are the prime factors of z?
3, 5, 31
Suppose -w + 6*w = -5*w. Suppose w = -11*c + 2512 - 466. List the prime factors of c.
2, 3, 31
Suppose 46*t - 4 = -76*t - 4. Suppose 0 = -d + 175 + 122. Suppose 3*v + 5*m = -0*v + d, m = t. What are the prime factors of v?
3, 11
Let r(i) = i + 16. Let m(t) = t + 15. Let h(g) = 5*m(g) - 4*r(g). Let b be h(-8). Suppose -n - b = -5*q, 4*n = -4*q + 22 + 14. List the prime factors of n.
7
List the prime factors of -870*4/20*(-3 + 4 + -6).
2, 3, 5, 29
Suppose 10*j + 36106 = 6*u + 5*j, -2*j + 30076 = 5*u. What are the prime factors of u?
2, 47
Let j(t) = -t**3 + 12*t**2 - 10*t - 7. Let s be j(11). Suppose -3*g - 1459 = -3*o + 653, 2818 = s*o - 5*g. List the prime factors of o.
2, 3, 13
Suppose t + 297 + 687 = 0. Let c(q) = 15*q**2 + 4*q + 1. Let n be c(-2). List the prime factors of t/(-33) + n/(-11) + 5.
2, 3, 5
Let p = -84 + 105. Suppose -2*s = n - p, -6*n + 4*n + 47 = 5*s. Suppose n*y = -558 + 2538. List the prime factors of y.
2, 3, 5
Let z(f) = 42*f**2 - 27*f + 87. What are the prime factors of z(-11)?
2, 3, 911
Suppose 0 = k - 11 - 0. Suppose -k*o - 78 = -17*o. Let m(r) = r**2 - 4*r + 14. What are the prime factors of m(o)?
131
Let s be 44840/168 - 2/(-21). Let y = -181 + s. List the prime factors of y.
2, 43
Suppose -3*y + 0*f - 6 = -f, -5*y + 2*f = 11. Let h be 1*y/2*(1 + -427). Let x = -105 + h. List the prime factors of x.
2, 3
Let j(f) = 7*f**2 - 17*f - 46. Let x = 334 + -344. List the prime factors of j(x).
2, 103
Let x = 16258 - -11970. List the prime factors of x.
2, 7057
Suppose 32 = -2*i + u, -i = 7*u - 2*u + 16. What are the prime factors of 88/i*-260 - 8?
2, 3, 79
Let p = -242 + 240. What are the prime factors of (-3 - p) + (6 - (-1905)/5)?
2, 193
Let o(x) be the third derivative of x**6/120 + x**5/60 - x**4/12 + 205*x**3/6 + x**2 - 93. What are the prime factors of o(0)?
5, 41
Let c = -590 - -3771. Suppose c = 12*s - 155. What are the prime factors of s?
2, 139
Let i(x) = -87*x**2 + 34*x - 23. Let f(c) = 29*c**2 - 11*c + 8. Let k(l) = 7*f(l) + 2*i(l). What are the prime factors of k(3)?
2, 61
Let s(g) = 7*g - 199. Let v(l) = 10*l - 300. Let f(j) = 7*s(j) - 5*v(j). List the prime factors of f(0).
107
Let t(p) = 2*p - 2. Let c be t(2). Suppose -78*w = -81*w + 162. Suppose -w = -c*x + 96. What are the prime factors of x?
3, 5
Suppose 4 = 4*p, -3*l - 32 = -0*l + 4*p. Let j(s) be the first derivative of s**3/3 + 3*s**2 - 29*s + 439. What are the prime factors of j(l)?
43
Let h be (-15 + 12)/((-69)/115). Let g be 504/2*(-5)/(-2). Suppose 10*o = h*o + g. List the prime factors of o.
2, 3, 7
List the prime factors of ((-7)/((-84)/(-8)))/(20/(-2310)).
7, 11
List the prime factors of 5/(3/958*(154/21)/11).
5, 479
Suppose 0 = 3*z - 12, 5*z - 14 = -2*g + 6. Suppose -5*x + 106 = -0*x + d, g = -3*d - 12. List the prime factors of (6/(-5))/(4/10) + x.
19
Let i(o) = 5*o**2 - 3*o + 2. Let g be i(1). Suppose 5*d + x - 1085 = -4*x, g*d + 3*x = 868. What are the prime factors of d?
7, 31
Let f be ((18/(-7))/(-9))/(1/7). Suppose 0 = 2*t + f, 4*h + 4*t = 8. What are the prime factors of 112 - (0/(3 + 1) + h)?
109
List the prime factors of (-159)/3*((-934)/12)/(7/42).
53, 467
Let q(i) = -i**3 - 7*i**2 + 2*i + 15. Let n be (-40)/50 + (-62)/10. Let f be q(n). What are the prime factors of 60 + f*(9 - 5)?
2
List the prime factors of -2 - -4 - (-61752)/6.
2, 5147
Let v be 3 + 4 + -4 + -1. Suppose 3*r = -v*z + 36 + 1297, -2*r = 2*z - 892. What are the prime factors of r?
3, 7
Suppose -b = 10 + 60. Let o(y) = 223*y**2 + 1138*y - 1139. Let p be o(1). Let c = p + b. List the prime factors of c.
2, 19
Let v = -827 - -2107. List the prime factors of v.
2, 5
Let d(p) = -6*p - 22. Let w be d(-9). Let i = w + 40. Let o = 32 + i. What are the prime factors of o?
2, 13
Let w(d) = 29*d**3 + 2*d**2 - 4. Let j = 29 - 27. Let h be w(j). Suppose h + 884 = 8*b. List the prime factors of b.
2, 5, 7
What are the prime factors of (19/(95/(-30)) - (5 + -6)) + 11753?
2, 3, 11, 89
Suppose 5*z - 124497 = -2*c, -125*c + 124*c + z + 62259 = 0. What are the prime factors of c?
2, 3, 1297
Suppose 44543 = 4*j + l, 4*j - 16*l - 44546 = -18*l. List the prime factors of j.
5, 17, 131
Suppose -39*m = -1094934 - 485556 - 997449. What are the prime factors of m?
7, 19, 71
What are the prime factors of 14382866/1017*18/4?
23, 2767
Let i = 5 - -88. Suppose 2*o + 5*w - 161 = 0, 2*o - i = o - 5*w. What are the prime factors of o?
2, 17
Suppose -2*b + 18 = -0*b. Suppose 12*t = 9*t + b. Suppose -c + r + 448 = t*c, r + 335 = 3*c. List the prime factors of c.
113
Let k(i) = -12*i - 18. Let u be k(-8). Let z = -70 + u. Let t(j) = j**3 - 6*j**2 - 3*j + 20. List the prime factors of t(z).
2, 31
Let t(h) = h**3 + 7*h**2 + 9*h - 8. Let l be t(-4). Suppose 2*k = -n + 434, 5*k - l*n - 31 - 1028 = 0. List the prime factors of k.
5, 43
Let v(p) = 38*p**3 - 9*p**2 + 27*p - 74. What are the prime factors of v(5)?
2, 2293
Let n(d) = 68*d**2 + 6*d + 60. List the prime factors of n(-6).
2, 3, 103
Suppose -4*v - 81 = -3*h + 29843, 5*v = -5*h + 49955. List the prime factors of h.
2, 3, 13
Let a = 0 - -4. Suppose 22 = -2*g + 2*l, 0 = a*g + 2*l - 0*l + 26. Let h(z) = -12*z - 16. List the prime factors of h(g).
2, 5
Let y(s) = 11*s**2 - 2*s + 4. Let u be y(2). Suppose -2*n + u - 12 = 0. Suppose n = 3*b - 2*i - 103, -b + 63 = 4*i. List the prime factors of b.
43
Let u be (-8)/44 + (-3035)/(-55). List the prime factors of (-11)/(u/(-1560)) + 4.
2, 79
Let p(k) = 1133*k + 95. What are the prime factors of p(15)?
2, 5, 1709
Let k(y) = -y**2 - 35*y - 53. Let z be k(-29). Suppose -z + 31 = 3*r. Let d = r - -94. What are the prime factors of d?
2
What are the prime factors of (53348 - 0)*(18/8)/9?
13337
Let k(i) = 3*i - 3. Let f(n) = -5*n + 6. Let v(q) = 4*f(q) + 9*k(q). Suppose 45*t + 20*t - 715 = 0. What are the prime factors of v(t)?
2, 37
Let s = 15267 - 9900. What are the prime factors of s?
3, 1789
Suppose 74*n - 76*n + 29364 = -8498. What are the prime factors of n?
11, 1721
Let w(k) = 6*k - 41. Let d be w(7). What are the prime factors of d + (-4)/6 - 16233/(-63)?
2, 3, 43
Suppose -37629 - 282376 = -28*x + 204575. List the prime factors of x.
3, 5, 1249
Let r be ((-648)/(-48))/((-2)/(-908)). Suppose 6*m = 15*m - r. List the prime factors of m.
3, 227
Let f be 20*9/18 + -2 + 1. Suppose f*o - 68 = 5*o. Let p = o - -13. List the prime factors of p.
2, 3, 5
Let p = 20 + -18. Suppose 5*w - 2*t - p*t - 474 = 0, 3*w = -2*t + 302. Suppose -w = -2*c - 2*m, -4*c + m + 57 = -114. What are the prime factors of c?
2, 11
Suppose -4*w = -31 - 161. Let k be 4/(-32) + 16902/w. Suppose 103 = 7*v - k. What are the prime factors of v?
5, 13
Let i = 1568 - 971. Let b = 1015 - i. What are the prime factors of b?
2, 11, 19
Let i(s) be the second derivative of -s**3/6 + 109*s**2 - s. Let r be (-38)/(-76) - (-1 - 6/(-4)). What are the prime factors of i(r)?
2, 109
Let b = 1141 + -639. Suppose 3*z - 2*r - b = -6*r, 2*r - 846 = -5*z. What are the prime factors of z?
2, 5, 17
Let w = 2716 - 1689. Suppose -5*x = -1553 - w. What are the prime factors of x?
2, 3, 43
List the prime factors of (5 + (-63214)/6)/(6/(-9)).
2, 11, 359
Let l(j) = -3*j**3 + 2*j**2 - 8*j + 13. Let m(d) = -d**3 + 4*d**2 - 2*d + 2. Let g be m(4). List the prime factors of l(g).
11, 71
Suppose 4*l = 4*j + 12652, j = -40*l + 45*l - 15823. What are the prime factors of l?
3, 5, 211
Suppose 4*f - 6*f = 102. What are the prime factors of ((-2139)/279)/(1*1/f)?
17, 23
Let f be -2 - (0 + 3 + -5). Suppose 0 = -5*d - 4*r + 472 + 357, f = -2*r + 2. Suppose d = 4*z - 35. List the prime factors of z.
2, 5
Suppose -4*r = 2*f + 536, -6*r = -r + 3*f + 669. List the prime factors of 18/r + (-37360)/(-75).
2, 3, 83
Let t(j) = 76*j**3 - 4 - 77*j**3 + 2 + 0*j**2 - 2*j**2. Let k be t(-3). Let f(y) = 3*y**2 - 5*y - 2. List the pri